What are the prime factors of 6/(-4) + q/(-12)?
2
Suppose v = -4*v. Let k = 0 + v. Suppose k*f - 3*f + 33 = 0. What are the prime factors of f?
11
Let s(t) = -9*t**3 - 2*t - 1. List the prime factors of s(-1).
2, 5
Let w = 5 - -2. Let i(x) = 2 - w*x - 2*x + 10*x. What are the prime factors of i(10)?
2, 3
What are the prime factors of 150 + (-1 - (-3 + 3/(-3)))?
3, 17
Let j = 56 - 37. What are the prime factors of j?
19
Let k(a) = a + 17. List the prime factors of k(-15).
2
Suppose -a + 3*k = -6, 3*a - 4 - 2 = -3*k. Let d(n) = 1 - n + a*n + 0. What are the prime factors of d(3)?
7
Let i(g) = g. Let p be i(-12). Let j = p - -35. List the prime factors of j.
23
Let r = 1 - -1. List the prime factors of (43 + r)/((-18)/(-12)).
2, 3, 5
Let o(x) = x**3 - 4*x**2 + 4*x - 2. Let c(p) = p**3 + 8*p**2 - 9*p - 6. Let v be c(-9). Let m = -2 - v. List the prime factors of o(m).
2, 7
Suppose 9*i = 11*i - 24. List the prime factors of i.
2, 3
Let d be 15*-3*4/(-30). Suppose 30 = 5*i + 3*u - 21, d = i + 2*u. List the prime factors of i.
2, 3
Let t(z) = -8*z - 14. List the prime factors of t(-9).
2, 29
Suppose a = -w - 2*a + 23, 5*a - 78 = -4*w. List the prime factors of w.
17
What are the prime factors of 182 + ((-4 - -2)*1 - -2)?
2, 7, 13
Let g be 4*-1*10/(-8). Let r be (-3)/g + (-286)/(-10). Suppose s = -s + r. List the prime factors of s.
2, 7
List the prime factors of (-208)/2*(-2)/(-1 + 3).
2, 13
Let s(w) = w + 13. Suppose -7*i = -3*i - 28. Suppose 0 = -2*r + i*r. List the prime factors of s(r).
13
Let v be (-1)/7 - 154/(-49). List the prime factors of (-2 + 123/9)*v.
5, 7
Suppose 20 = -3*k + 59. Suppose 2*t - 3 - k = 0. What are the prime factors of t?
2
Let t(b) = b**2 - 3*b - 10. Let d(p) = -5*p - 21. Let c be d(-6). What are the prime factors of t(c)?
2, 11
Let r be 2/4 - 22/(-4). Let n = 8 - r. Suppose 12 = 6*l - n*l. What are the prime factors of l?
3
What are the prime factors of 1/(1 + (-30)/31)?
31
Suppose 0 = 4*t - 0*t - 20. Suppose 0 = -t*u + 45 + 15. What are the prime factors of u?
2, 3
Suppose -5*j - 3*o + 464 = -4*o, -j + 92 = -o. Suppose -j = -z - 2*z. List the prime factors of z.
31
Let a(y) = -30*y - 69. List the prime factors of a(-12).
3, 97
Let b(o) = -11*o - 23. What are the prime factors of b(-11)?
2, 7
List the prime factors of 120 + (-3)/2*(-72)/(-27).
2, 29
Let m be (-65)/7 + 8/28. List the prime factors of (-12)/m*(-12)/(-8).
2
Suppose -g + 20 = -k, 3*g + g - 65 = k. Suppose -b + 18 = -g. What are the prime factors of (-2)/3 - b/(-9)?
3
Let k(d) = d. Let x be k(0). Suppose x = -v, 0*m - 3*v - 50 = -5*m. List the prime factors of m*((-3)/(-6) - 0).
5
Let i = 8 - 8. Suppose 3*m - 5*a = 40, 0 = 2*m - i*m - 2*a - 20. Suppose 11 = m*o + 1. What are the prime factors of o?
2
Let m = 202 + -109. What are the prime factors of m?
3, 31
Let v be -3 - (-5)/(5/8). Suppose -z + v*z = 0, -z - 76 = -4*h. What are the prime factors of h?
19
Let p(s) = -45*s + 26. What are the prime factors of p(-3)?
7, 23
Let d = 15 + -1. List the prime factors of d.
2, 7
Let o(s) = -6*s. Let k(w) be the first derivative of -w**2/2 + w - 1. Let c be k(3). What are the prime factors of o(c)?
2, 3
Suppose 2*g + 2*g = -3*w + 2, -4*w - 4 = 2*g. Let m be (3 - 8)*(1 - g). Suppose 8 = m*h - 3*h. List the prime factors of h.
2
Let v(f) = 22*f**2 - f. What are the prime factors of v(-1)?
23
List the prime factors of (-42)/(-28)*44/3.
2, 11
Suppose -2*t - 26 = 5*g, 2*t = 2*g + 1 + 1. Let z(w) = -w + 1. Let y(u) = u**2 + 9. Let d(r) = -y(r) + 5*z(r). List the prime factors of d(t).
2
Let i(o) = -4*o - 6. Let v be i(-4). Let q(b) = 2*b**2 - 3*b + 3. Let m be q(3). Suppose -m = -2*s + v. What are the prime factors of s?
11
List the prime factors of (2 - 3)/(1/(-33)).
3, 11
Suppose 0 = 4*x - 0 - 8. Let g be 6*1/2 + x. What are the prime factors of (1 + (-3)/(-5))*g?
2
Suppose 0 = -3*n - n + 28. Suppose -n*k = -8*k + 35. What are the prime factors of k?
5, 7
Let z(d) = -d - 2. Let o be z(-2). Suppose -w - 4*w + 75 = o. Suppose -5*i = -w - 25. List the prime factors of i.
2
Let p be (-6 - 0)*24/9. Let o = -1 - p. What are the prime factors of o?
3, 5
List the prime factors of (12*-16)/(3*(-2)/4).
2
Let r = 9 + -3. Let s(u) = 2*u - 8. Let n be s(r). Suppose n*b + 52 = 4*h, -h + 2*b + 4 = -13. What are the prime factors of h?
3
Let b be (3 - 0)/((-3)/(-2)). Suppose 3*v = -b*r + 17, -4 = -r - 0. List the prime factors of v.
3
Let z(k) = k**3 - 9*k**2 + 4*k - 1. List the prime factors of z(9).
5, 7
Let q(t) = -41*t + 5. Let x(d) = -20*d + 3. Let r(k) = -4*q(k) + 7*x(k). List the prime factors of r(1).
5
Suppose 9*d - 456 = 6*d. List the prime factors of d.
2, 19
Let s(q) = -5*q - 3*q**3 - 2*q**2 + 0*q**2 + 3*q - 1. Let p(b) = b**3 + 8*b**2 + 8*b + 6. Let l be p(-7). What are the prime factors of s(l)?
2
Suppose -112 = -5*o - 2*o. What are the prime factors of o?
2
Let s(u) = -u**2 + 12*u + 11. Suppose j - 5*j + 40 = 0. What are the prime factors of s(j)?
31
Let k be (-18)/12*(-8)/6. List the prime factors of (k - -1)*(-104)/(-12).
2, 13
Let k = 5 + -2. Suppose -k*x - 2*p + 4*p = -22, -5*p = 5*x - 45. Suppose -x - 67 = -5*j. List the prime factors of j.
3, 5
Let p = 20 - 16. What are the prime factors of p?
2
Let n(s) = 7*s + 14. Suppose 0 = -o + 3*y - 4, 3*o - 17 = y - 5. What are the prime factors of n(o)?
7
List the prime factors of (9 - 7)/(2/67).
67
Let a(o) = o + 8. Let n be a(0). Let v(y) = 2*y - 11. Let d(l) = -8*l + 44. Let x(f) = 2*d(f) + 9*v(f). What are the prime factors of x(n)?
5
Let r be 4 + -1 - (1 - 1). Suppose 25 = -19*x + 24*x. Suppose -7*k - 4*c + 56 = -r*k, 0 = -x*c + 20. What are the prime factors of k?
2, 5
Suppose -2*l + 221 = 45. List the prime factors of l.
2, 11
Let f(v) = v**2 + 6*v + 7. Let p be f(-4). Let c = -2 + 2. What are the prime factors of (-38)/(-2) - c/p?
19
Let z(v) be the second derivative of v**5/20 + v**4/6 - v**3/2 - v**2/2 + 3*v. Let h be z(-2). Suppose h*w + 23 = 133. List the prime factors of w.
2, 11
Let r(c) = 3*c - 8. Let p(u) = -5*u + 12. Let w(h) = -5*p(h) - 8*r(h). List the prime factors of w(-2).
2
Let p(y) = -y**3 + y**2 + y + 2. Let k be p(0). Suppose -3*v + 120 = k*v. Suppose -v = -4*w + 44. What are the prime factors of w?
17
Let n(x) be the first derivative of 2*x**3/3 - x**2 + 3*x - 2. Let j be n(5). Suppose j - 108 = -5*h. What are the prime factors of h?
13
List the prime factors of (141 - -1)/(2 - 0).
71
Suppose 0*m + 4*m - 5*k = 29, 4*m + 3*k + 11 = 0. Let l = 6 - m. Suppose -i + l - 1 = 0. What are the prime factors of i?
2
What are the prime factors of 10 - 6 - (-132)/3?
2, 3
Let t = -24 - -33. Let y = 38 + t. What are the prime factors of y?
47
Suppose j + 5 = -0, 3*y - j = 410. List the prime factors of y.
3, 5
Let w(r) = r**2 - 12*r - 16. Let t be w(14). Suppose -35 + 10 = 5*a. Let x = t + a. List the prime factors of x.
7
Let f(a) = -a**3 + 4*a**2 + 5. Let b be f(4). Let i be (1 + -2)*(b + -18). Let x = 22 - i. List the prime factors of x.
3
Let r(h) = -h**2 + 26*h - 37. List the prime factors of r(11).
2
Let y = 7 - 2. Suppose y*i = -0*i - 3*m + 169, -3*i + 5*m + 115 = 0. Suppose -5*b + 3*o = -40, -2*b - b + 4*o = -i. What are the prime factors of b?
5
Let d be (-4)/2 + (2 - 0). Suppose -w - 4*w + 60 = d. What are the prime factors of w?
2, 3
Let b(m) = -8*m**2 + 2*m - 29. Let z(u) = -3*u**2 + u - 10. Let i(v) = -4*b(v) + 11*z(v). Let f be i(5). Let p(j) = -6*j - 2. List the prime factors of p(f).
2, 11
Let r(g) = -68*g - 19. What are the prime factors of r(-4)?
11, 23
Let p = 108 - 54. List the prime factors of p.
2, 3
Let n = 13 - 22. Let i = n + 21. List the prime factors of i.
2, 3
Suppose -u - 12 = -3*u. Suppose p + 7 = 3*v, -4*p - u = -2. Suppose 3*l + 10 + 46 = 4*w, -8 = v*l. List the prime factors of w.
11
List the prime factors of 4/(-22) - (-1530)/66.
23
Suppose -l + 71 = 2*y, 0*y + y = -4*l + 263. Suppose -5*m + 120 = -l. List the prime factors of m.
37
Let l(r) = -r**2 + 3*r + 5. Let n be l(4). What are the prime factors of 1*(-1)/(n/(-11))?
11
Let x(m) = -6*m - 1. Let z be x(-1). Let c = 2 + z. List the prime factors of c.
7
Suppose s - 472 = -3*s. Let w = -79 + s. List the prime factors of w.
3, 13
List the prime factors of 4*(3 - (-245)/20).
61
Let d = 1 + 2. Let t(r) = 7*r**2 + 3*r**3 - 3*r*